en 20344 is divided by 95.
14
What is the remainder when 1119823 is divided by 231?
166
Calculate the remainder when 419325 is divided by 84.
81
Calculate the remainder when 27349 is divided by 3415.
29
Calculate the remainder when 69548780 is divided by 531.
524
Calculate the remainder when 6638631 is divided by 37.
17
What is the remainder when 177111 is divided by 241?
217
What is the remainder when 48686839 is divided by 269?
260
Calculate the remainder when 269183 is divided by 8407.
159
What is the remainder when 20811959 is divided by 23516?
299
What is the remainder when 10535951 is divided by 345?
341
Calculate the remainder when 10653190 is divided by 251.
248
Calculate the remainder when 107307 is divided by 21461.
2
Calculate the remainder when 107525582 is divided by 112.
94
Calculate the remainder when 37972 is divided by 243.
64
What is the remainder when 866749 is divided by 221?
208
What is the remainder when 8802146 is divided by 416?
2
Calculate the remainder when 217186 is divided by 133.
130
What is the remainder when 2739302 is divided by 100?
2
What is the remainder when 77224 is divided by 76512?
712
Calculate the remainder when 4025143 is divided by 355.
153
Calculate the remainder when 53909592 is divided by 26954786.
20
Calculate the remainder when 2271148 is divided by 245.
243
Calculate the remainder when 31622 is divided by 30288.
1334
What is the remainder when 1569539 is divided by 250?
39
Calculate the remainder when 4984334 is divided by 830713.
56
Calculate the remainder when 1051168 is divided by 8144.
592
Calculate the remainder when 205296250 is divided by 28.
26
Calculate the remainder when 1091005 is divided by 3598.
811
Calculate the remainder when 1012176 is divided by 1943.
1816
Calculate the remainder when 6612435 is divided by 2204143.
6
Calculate the remainder when 7809 is divided by 3109.
1591
Calculate the remainder when 9157960 is divided by 30.
10
What is the remainder when 407956 is divided by 203760?
436
What is the remainder when 23327582 is divided by 13?
5
What is the remainder when 10217626 is divided by 1781?
29
What is the remainder when 350767184 is divided by 107?
105
What is the remainder when 325341 is divided by 69?
6
Calculate the remainder when 1454171 is divided by 152.
139
Calculate the remainder when 23496717 is divided by 4430.
4427
What is the remainder when 10272282 is divided by 366867?
6
What is the remainder when 8745665 is divided by 1297?
1291
Calculate the remainder when 13709298 is divided by 22.
20
Calculate the remainder when 4610242 is divided by 2885.
12
Calculate the remainder when 649018 is divided by 700.
118
What is the remainder when 2310767 is divided by 48?
47
What is the remainder when 2320419 is divided by 672?
3
What is the remainder when 351666 is divided by 1402?
1166
What is the remainder when 1257032 is divided by 1622?
1604
Calculate the remainder when 29226 is divided by 6728.
2314
What is the remainder when 2986013 is divided by 62208?
29
What is the remainder when 367572 is divided by 17494?
198
Calculate the remainder when 868299 is divided by 1080.
1059
Calculate the remainder when 2773267 is divided by 14.
7
What is the remainder when 35934170 is divided by 136?
114
Calculate the remainder when 34785935 is divided by 3813.
3749
What is the remainder when 2194816 is divided by 11197?
204
Calculate the remainder when 92492 is divided by 7017.
1271
Calculate the remainder when 3008005 is divided by 1181.
1179
What is the remainder when 14280 is divided by 361?
201
Calculate the remainder when 923399 is divided by 457.
259
Calculate the remainder when 122345 is divided by 30412.
697
Calculate the remainder when 155046517 is divided by 8613694.
25
Calculate the remainder when 28477296 is divided by 730.
726
What is the remainder when 24737667 is divided by 168?
3
Calculate the remainder when 375134 is divided by 93767.
66
Calculate the remainder when 177525 is divided by 44301.
321
Calculate the remainder when 4948002 is divided by 975.
852
What is the remainder when 4819693 is divided by 535519?
22
Calculate the remainder when 1898 is divided by 11.
6
What is the remainder when 32652726 is divided by 164?
162
What is the remainder when 30625 is divided by 3278?
1123
Calculate the remainder when 43131 is divided by 4222.
911
What is the remainder when 213876 is divided by 1524?
516
Calculate the remainder when 66110100 is divided by 10492.
8
What is the remainder when 1406186 is divided by 2779?
12
Calculate the remainder when 6721265 is divided by 316.
261
What is the remainder when 1879168 is divided by 938849?
1470
Calculate the remainder when 34914742 is divided by 24.
22
Calculate the remainder when 802244 is divided by 3121.
147
Calculate the remainder when 425795 is divided by 2212.
1091
Calculate the remainder when 41179305 is divided by 7300.
5
Calculate the remainder when 4922791 is divided by 53.
45
What is the remainder when 7241740 is divided by 3512?
3508
What is the remainder when 737044 is divided by 621?
538
What is the remainder when 49439984 is divided by 24?
8
Calculate the remainder when 616045 is divided by 55998.
67
What is the remainder when 5019685 is divided by 5019662?
23
What is the remainder when 4973757 is divided by 32?
29
What is the remainder when 1200620 is divided by 10833?
8990
What is the remainder when 2336670 is divided by 196?
154
What is the remainder when 36434 is divided by 33292?
3142
What is the remainder when 9307466 is divided by 846133?
3
Calculate the remainder when 199441482 is divided by 9816.
9810
Calculate the remainder when 5656 is divided by 5268.
388
What is the remainder when 894863 is divided by 81285?
728
Calculate the remainder when 1985969 is divided by 46181.
186
Calculate the remainder when 487478 is divided by 70.
68
What is the remainder when 5605120 is divided by 19530?
10
What is the remainder when 23389 is divided by 927?
214
Calculate the remainder when 160796 is divided by 10047.
44
What is the remainder when 1987290 is divided by 993639?
12
What is the remainder when 70435 is divided by 10616?
6739
What is the remainder when 3185870 is divided by 3185846?
24
What is the remainder when 12712261 is divided by 162975?
211
Calculate the remainder when 2916369 is divided by 683.
642
Calculate the remainder when 3771203 is divided by 115.
8
Calculate the remainder when 444758 is divided by 408.
38
Calculate the remainder when 193462 is divided by 2926.
346
Calculate the remainder when 412260 is divided by 2511.
456
What is the remainder when 81765 is divided by 7432?
13
What is the remainder when 52096 is divided by 243?
94
What is the remainder when 15955 is divided by 15760?
195
Calculate the remainder when 326215 is divided by 65127.
580
Calculate the remainder when 20670060 is divided by 13938.
6
Calculate the remainder when 765037 is divided by 209.
97
What is the remainder when 619999 is divided by 2924?
111
Calculate the remainder when 92581785 is divided by 611.
10
Calculate the remainder when 40821 is divided by 106.
11
What is the remainder when 506395 is divided by 633?
628
What is the remainder when 148363971 is divided by 49454657?
0
What is the remainder when 2852988 is divided by 2852952?
36
What is the remainder when 60539 is divided by 49?
24
Calculate the remainder when 5427310 is divided by 904499.
316
What is the remainder when 14515730 is divided by 8?
2
What is the remainder when 795777 is divided by 715?
697
What is the remainder when 2733362 is divided by 54667?
12
Calculate the remainder when 2237693 is divided by 3432.
29
What is the remainder when 3863556 is divided by 1287848?
12
Calculate the remainder when 11805035 is divided by 197.
7
Calculate the remainder when 14097927 is divided by 3927.
3924
What is the remainder when 869977 is divided by 869966?
11
Calculate the remainder when 2092354 is divided by 138.
136
What is the remainder when 323933 is divided by 158440?
7053
What is the remainder when 1517 is divided by 180?
77
Calculate the remainder when 3362687 is divided by 480308.
531
Calculate the remainder when 4253172 is divided by 1417267.
1371
Calculate the remainder when 951725 is divided by 158617.
23
What is the remainder when 1800135644